= 0, -4*q + 592 = -2*q - 2*x. What is the units digit of q?
6
Suppose -11*y - 12 = -17*y. Suppose 2*z - z = -4*i + 10, -4*z + 58 = -y*i. What is the units digit of z?
4
Suppose 5*j + v - 1895 = 2*v, -2*v = -j + 370. What is the tens digit of j?
8
Let w = 11 + -11. Suppose 108 = i - 2*x, -x - 3*x + 16 = w. Let s = i - 80. What is the units digit of s?
6
Suppose -6280 = -211*w + 201*w. What is the hundreds digit of w?
6
Suppose 3*w + 4*r = 11039, 37 - 42 = -r. What is the thousands digit of w?
3
Let h(z) = z + 7. Let d be h(-3). Let x be (2 + -1)/(d/304). Suppose -c = -0*c - x. What is the tens digit of c?
7
Let h be (-390)/(-54) + (-4)/18. Suppose -h*x + 7 = -0*x. What is the tens digit of (x/(-3) - 0)*-48?
1
Let d(l) = -l**3 + 11*l**2 + 10*l - 7. Let z be d(6). Suppose -2*a + z = 19. What is the units digit of a?
7
Suppose -4*j + 8 = 0, 5*j - 6 = 5*d - 1. Let r = d - -70. What is the tens digit of r?
7
Suppose 4*x + 84 + 0 = 0. What is the units digit of x/14 - ((-459)/6)/3?
4
Let d(j) = 123*j**2 + 8*j - 8. What is the hundreds digit of d(4)?
9
Suppose 0 = 2*o - 10*o + 24. Suppose o*b + 156 = 7*b. What is the units digit of b?
9
Suppose -j - 15530 = -4*s, -11037 - 617 = -3*s + 4*j. What is the hundreds digit of s?
8
Let f(i) = -i**2 - 15*i - 8. Let w(x) = x**3 + x**3 - 3 - 4*x**3 + 2*x + x**2. Let y be w(2). What is the tens digit of f(y)?
3
What is the hundreds digit of (267/(-5))/(8/(-80))?
5
What is the tens digit of 370 - (0 + (-2 - -10))?
6
Let f = -41 + 33. Let y(l) = 3*l**2 + 7*l - 22. What is the tens digit of y(f)?
1
Let d = 1719 - 810. What is the hundreds digit of d?
9
Suppose -298 = -2*k - r + 2595, 2*k = 4*r + 2898. What is the thousands digit of k?
1
Let m(g) = 71*g - 1. Let k be m(1). Suppose -5*l - 56 = 3*p - p, -3*p - k = 4*l. What is the tens digit of 137/9 - (-4)/p?
1
Suppose 3*n = w + 33, -n + 17 + 4 = 3*w. Suppose 4*b - 4*z - 46 = -6*z, -3*b - 4*z = -27. Suppose -5*q = -b - n. What is the units digit of q?
5
Let j be 7500/45 - 10/6. Let w = -100 + j. What is the units digit of w?
5
Let q(b) be the second derivative of b**5/20 + 2*b**2 - b. Let w be q(0). Suppose 4*x - w*g - 252 = 0, -3*x - x + 249 = -5*g. What is the units digit of x?
6
Suppose 525 = -109*u + 114*u. What is the units digit of u?
5
Let q be (-12)/(1 - 1/(-2)). What is the tens digit of (q + 15)*5*1?
3
Suppose -y - 3*y = 0. Suppose 3*h - 4*l - 275 = 0, 0 = h - y*h - 3*l - 95. What is the tens digit of h?
8
Suppose 4*q - 68 = -3*y, -5*q = -4*y - 9 - 45. Suppose -q = -3*x + 115. Let b = -30 + x. What is the tens digit of b?
1
Suppose -25 = -5*n, -4*d - n - 501 = 230. Suppose 415 = -5*z - 235. Let y = z - d. What is the tens digit of y?
5
Let m(h) = 15*h - 33. Let q be m(18). Suppose 3*o + q = 789. What is the tens digit of o?
8
Let h(b) = 3*b**3 + 17*b**2 - 15*b + 14. Let y(w) = 7*w**3 + 35*w**2 - 29*w + 28. Let g(t) = 5*h(t) - 2*y(t). What is the tens digit of g(-15)?
6
Let v = 587 - -3451. What is the units digit of v?
8
Let c(g) = 3*g**2 + 0*g + 3*g + 137*g**3 + 1 - 300*g**3 - 124*g**3. What is the units digit of c(-1)?
8
Let h be 28/63 + (-14)/(-9). Suppose h*a + 2*a - 68 = 0. What is the units digit of a?
7
Let q(i) = 156*i - 20. Let r be q(6). Suppose 150*h - r = 146*h. What is the tens digit of h?
2
Let q(v) = 7*v - 55. What is the tens digit of q(15)?
5
What is the tens digit of (-45)/(-30)*(-844)/(-6)?
1
Let b(q) = q**2 - q + 6. Let n be b(-3). What is the hundreds digit of -121*(n/(-12) - 1/(-2))?
1
What is the tens digit of (-6 - 102/(-18)) + (-422)/(-6)?
7
Let b be ((-9)/(-6))/((-15)/(-10)). Let l = b + 2. Suppose 0*o + l*y = -o + 25, 4*y = 2*o - 30. What is the tens digit of o?
1
Let t = 6 + -4. Suppose c = -t*c + 60. Suppose m - c = 8. What is the tens digit of m?
2
Let y = 477 + -241. Let k = 568 - y. What is the hundreds digit of k?
3
What is the hundreds digit of ((-143)/(-22))/(-13)*-332?
1
Let i(u) = 3*u**2 + 44*u - 15. Let q be i(-15). Suppose -3*b - 10*b + 4186 = q. What is the hundreds digit of b?
3
Let l(b) = 5*b + 13. Let h be l(-4). What is the tens digit of (15 - 36)*36/h?
0
Suppose 0*z + 8 = -2*z. Let v be 3/z*(4 + -8). Suppose -15 = -2*q - 2*a + 7, -v*q + 23 = 5*a. What is the units digit of q?
6
Suppose 41*m = -4056 + 42924. What is the hundreds digit of m?
9
What is the units digit of (-471*3/45)/(-1)*25?
5
Let k = 16 - 26. Let u be (-62)/(-10) + 2/k. What is the units digit of (-111)/(-9) - u/(-9)?
3
Let f(q) = -q**3 + 6*q**2 - 3*q - 7. Let j be f(5). Suppose 7*t - 2*t = -i + 38, j*t - 12 = 0. What is the tens digit of i?
1
Let n = -192 + 193. What is the units digit of n?
1
Suppose 0 = -g - 2*u + 331, 0 = -g + 4*u + 395 - 64. Suppose 229 + g = 5*b. What is the hundreds digit of b?
1
Let c(s) = s**3 - 10*s**2 - 4*s - 4. Let u be c(10). Let g = -15 - u. Suppose 2*y - 2*r = 103 + g, -5*r = 3*y - 198. What is the tens digit of y?
6
Let i = 18 + -13. Let o be ((-25)/(-15))/(2/6). Suppose 0 = -4*a - 2*t + 28, -3*a - o + 0 = -i*t. What is the units digit of a?
5
Suppose 5*y = -r + 446, -3*r + 446 = -2*r + 2*y. What is the tens digit of r?
4
Let x(o) be the first derivative of 2*o**2 + 18*o + 2. Let m be x(-7). Let r = m + 11. What is the units digit of r?
1
Let r(d) = d**3 - 7*d**2 + 9*d + 5. Let x be r(7). What is the tens digit of x/(-8)*8/(-4)?
1
Suppose 6 = -o - o - 3*r, 3*r + 18 = -4*o. Let g = o - -14. Suppose 3*v - 1 = g. What is the units digit of v?
3
Suppose 0 = 4*x - l - 6525, -3*x - 6*l + 4889 = -2*l. What is the tens digit of x?
3
Let j = 236 + -134. What is the tens digit of j?
0
Let i(k) = 17*k**2 + 1. Suppose -a - 2*s + 1 = 6, 2*s = 3*a - 1. What is the units digit of i(a)?
8
Suppose 4*w - 4715 = -3*p, 0 = 320*p - 317*p + 3*w - 4719. What is the thousands digit of p?
1
Let h be ((-54)/7)/((-6)/(-28)). Let b = h - -69. What is the tens digit of b?
3
Let w(k) = 2*k - 4. Let b be w(4). Let o(f) = f**3 - 16*f**2 - 17*f + 10. Let j be o(17). Suppose 6 + j = b*g. What is the units digit of g?
4
Suppose 4*f = 3*f + 4. Suppose -2*u - f*c + 196 = 0, 0 = 5*u - 10*u + 5*c + 550. What is the tens digit of u?
0
Let q be 1/(-6)*2*(-204)/(-4). Let a = 55 - q. What is the tens digit of a?
7
Let w(t) be the first derivative of t**7/840 + t**6/60 + t**4/24 + 7*t**3/3 + 9. Let m(x) be the third derivative of w(x). What is the units digit of m(-5)?
6
Let z be 1 - (2 + -7 + 4). Suppose -2*x = -x - z. Suppose -2*s + 5*l + 168 = s, 2*l - 96 = -x*s. What is the tens digit of s?
5
Suppose 5*m = 4*s - 13, 3*s + 0*s - 4*m - 10 = 0. What is the tens digit of 40 - (4 - ((-6)/s - -7))?
4
Let i(a) = a + 5. Let h be i(-5). Suppose h = o - 5*o + 432. What is the tens digit of o?
0
Suppose -g = -5*p + 23955, -4*g + 0 - 20 = 0. What is the thousands digit of p?
4
Let a(s) = s**3 + 3*s**2 - 5*s + 6. Let j = 32 - 28. What is the units digit of a(j)?
8
Let s(m) = -416*m - 1. What is the units digit of s(-1)?
5
Let n(j) = -j**3 + 3*j**2 + 3*j - 4. Let v be n(-2). What is the tens digit of (-8)/10 - v/25*-47?
1
Suppose -5*n = 5*d - 15, -2*n - 2*n - 6 = d. Let o(x) = -x**2 + 5*x + 2. Let c be o(d). What is the tens digit of c/(-1*2/5)?
1
What is the tens digit of (-12)/(-3)*127 - 0?
0
Suppose 0 = -7*n + 2*n + 10205. What is the units digit of n?
1
Let f(v) = 3*v**2 + 18. Let w be f(-13). Suppose 4*a = 7*a - w. What is the tens digit of a?
7
Let f(a) = -13*a**2 - 7*a + a**3 + 15 + 6*a**2 - 4*a**2. What is the tens digit of f(12)?
7
Suppose 4*r - 1172 = -16*l + 14*l, 0 = -5*l. What is the tens digit of r?
9
Suppose -5*v = -2*v. Suppose v = -3*d - 9, 3*d + 90 = k - 38. Suppose -3*m + k = 35. What is the units digit of m?
8
Let a be 5/(20/4) - -79. Let f = a + -44. Let x = -4 + f. What is the units digit of x?
2
Suppose -s - 15 = -6*s. Let z(c) = 1 - 1 + c**2 + 27*c**3 + 1 - s*c**2. What is the units digit of z(1)?
6
Let q(p) = -1 - 54*p**2 + 179*p**2 - 58*p**2 - 51*p**2. Let v(u) = u**2 - 6*u - 1. Let s be v(6). What is the units digit of q(s)?
5
Let x(h) = 6 + 0 - h**3 - 8*h**2 + 1 - 2*h + h**2. Let l be x(-5). Let t = l - -58. What is the units digit of t?
5
Let t(p) = -p**3 - 13*p**2 + 14*p + 12. Let q(s) = -s**2 + 11*s + 12. Let o be q(13). What is the tens digit of t(o)?
1
Let s = -2591 + 4534. What is the hundreds digit of s?
9
Suppose 0 = -11*j + 5*j 